or of 21 and 203.
7
Calculate the highest common factor of 16147 and 134.
67
What is the highest common divisor of 161 and 38157?
161
What is the greatest common divisor of 522 and 58?
58
What is the greatest common factor of 22 and 22?
22
What is the highest common divisor of 15 and 309?
3
Calculate the greatest common divisor of 319 and 58.
29
What is the highest common divisor of 34 and 748?
34
Calculate the highest common factor of 3878 and 154.
14
What is the greatest common divisor of 26 and 9178?
26
Calculate the greatest common factor of 4425 and 50.
25
What is the highest common factor of 159 and 848?
53
What is the highest common divisor of 5112 and 216?
72
Calculate the greatest common factor of 39 and 13663.
13
Calculate the greatest common divisor of 15 and 15830.
5
What is the greatest common divisor of 748 and 68?
68
Calculate the highest common divisor of 875 and 7.
7
Calculate the highest common divisor of 3493 and 14.
7
What is the highest common factor of 57 and 13281?
57
What is the highest common divisor of 216 and 162?
54
What is the greatest common divisor of 12 and 129?
3
What is the greatest common factor of 1782 and 88?
22
Calculate the highest common divisor of 211 and 28696.
211
What is the greatest common factor of 5372 and 474?
158
What is the greatest common divisor of 1105 and 455?
65
What is the highest common factor of 290 and 2378?
58
What is the highest common divisor of 1683 and 612?
153
Calculate the greatest common factor of 23859 and 33.
33
What is the greatest common factor of 6250 and 10?
10
Calculate the greatest common divisor of 2 and 6.
2
Calculate the highest common divisor of 768 and 552.
24
What is the greatest common divisor of 24 and 1536?
24
What is the greatest common divisor of 270 and 50?
10
Calculate the highest common factor of 16 and 848.
16
Calculate the highest common factor of 15 and 960.
15
Calculate the highest common factor of 48 and 42.
6
What is the greatest common factor of 104 and 143?
13
Calculate the greatest common factor of 627 and 44.
11
Calculate the greatest common factor of 247 and 533.
13
Calculate the greatest common factor of 290 and 30.
10
Calculate the greatest common divisor of 2144 and 2948.
268
What is the greatest common factor of 4736 and 74?
74
Calculate the greatest common factor of 170 and 136.
34
What is the highest common divisor of 9 and 219?
3
Calculate the greatest common factor of 272 and 14008.
136
Calculate the highest common divisor of 226 and 16046.
226
What is the highest common factor of 315 and 210?
105
Calculate the highest common factor of 634 and 4.
2
What is the greatest common divisor of 92 and 506?
46
Calculate the greatest common factor of 42 and 6.
6
What is the greatest common divisor of 12083 and 258?
43
What is the greatest common divisor of 17451 and 252?
63
What is the greatest common factor of 515 and 206?
103
Calculate the greatest common divisor of 550 and 253.
11
Calculate the highest common factor of 6816 and 96.
96
Calculate the highest common divisor of 1593 and 27.
27
What is the greatest common factor of 15 and 51?
3
What is the highest common factor of 750 and 12?
6
What is the greatest common divisor of 570 and 30?
30
What is the greatest common factor of 18 and 198?
18
What is the greatest common divisor of 4255 and 1035?
115
Calculate the greatest common divisor of 104 and 35568.
104
Calculate the greatest common factor of 1700 and 153.
17
What is the highest common divisor of 496 and 64?
16
What is the greatest common divisor of 7532 and 42?
14
Calculate the greatest common divisor of 7 and 448.
7
Calculate the greatest common divisor of 549 and 9.
9
Calculate the highest common divisor of 9254 and 14.
14
Calculate the highest common factor of 11 and 2101.
11
What is the greatest common factor of 22 and 77?
11
Calculate the highest common divisor of 1296 and 192.
48
Calculate the greatest common divisor of 956 and 4.
4
Calculate the highest common factor of 4536 and 84.
84
What is the highest common divisor of 99 and 63?
9
What is the greatest common factor of 9440 and 640?
160
Calculate the highest common divisor of 22506 and 930.
186
What is the highest common divisor of 69 and 16491?
69
Calculate the greatest common divisor of 396 and 99.
99
What is the greatest common divisor of 27 and 540?
27
Calculate the greatest common factor of 48 and 128.
16
What is the highest common divisor of 80 and 110?
10
What is the highest common divisor of 658 and 77?
7
What is the highest common divisor of 3010 and 70?
70
What is the highest common factor of 1410 and 30?
30
What is the greatest common factor of 41 and 164?
41
What is the highest common divisor of 243 and 3321?
81
Calculate the greatest common divisor of 2036 and 4.
4
What is the highest common divisor of 90 and 54?
18
What is the highest common factor of 564 and 36?
12
Calculate the highest common factor of 294 and 5635.
49
Calculate the greatest common divisor of 20 and 780.
20
What is the highest common divisor of 1120 and 800?
160
Calculate the greatest common factor of 162 and 198.
18
What is the greatest common factor of 3111 and 366?
183
Calculate the greatest common factor of 28 and 128.
4
What is the highest common divisor of 105 and 8505?
105
Calculate the highest common factor of 120 and 8.
8
What is the greatest common factor of 3813 and 738?
123
Calculate the highest common divisor of 245 and 14.
7
Calculate the greatest common divisor of 1328 and 32.
16
Calculate the highest common divisor of 216 and 264.
24
Calculate the greatest common factor of 19 and 7087.
19
What is the highest common divisor of 116 and 406?
58
Calculate the greatest common factor of 39 and 26.
13
Calculate the greatest common divisor of 40 and 55.
5
Calculate the greatest common factor of 232 and 58.
58
Calculate the greatest common divisor of 1561 and 7.
7
What is the highest common factor of 451 and 287?
41
Calculate the highest common divisor of 336 and 5460.
84
What is the highest common divisor of 6 and 10041?
3
Calculate the greatest common factor of 17 and 6154.
17
Calculate the highest common divisor of 2790 and 72.
18
Calculate the highest common factor of 6 and 246.
6
Calculate the highest common divisor of 23839 and 62.
31
Calculate the greatest common factor of 192 and 60.
12
What is the highest common factor of 3536 and 13?
13
What is the greatest common divisor of 78 and 24?
6
Calculate the greatest common factor of 1557 and 9.
9
Calculate the highest common factor of 895 and 5.
5
Calculate the highest common divisor of 63 and 70.
7
Calculate the highest common factor of 597 and 12.
3
Calculate the highest common divisor of 7062 and 428.
214
Calculate the highest common divisor of 160 and 370.
10
Calculate the greatest common factor of 50 and 425.
25
Calculate the greatest common divisor of 130 and 40.
10
What is the highest common factor of 119 and 42?
7
Calculate the greatest common divisor of 13 and 104.
13
Calculate the greatest common divisor of 198 and 108.
18
What is the greatest common factor of 60 and 39?
3
What is the highest common factor of 2065 and 2205?
35
Calculate the highest common factor of 684 and 324.
36
What is the highest common factor of 30 and 3705?
15
Calculate the greatest common factor of 18 and 954.
18
Calculate the greatest common divisor of 56 and 224.
56
Calculate the greatest common factor of 9 and 171.
9
What is the highest common factor of 32 and 40?
8
What is the greatest common divisor of 40 and 760?
40
Calculate the greatest common divisor of 143 and 416.
13
Calculate the highest common factor of 199 and 4179.
199
What is the greatest common divisor of 6 and 25?
1
What is the highest common divisor of 18 and 264?
6
What is the highest common factor of 559 and 1763?
43
Calculate the greatest common factor of 8 and 20.
4
Calculate the highest common divisor of 1648 and 20188.
412
Calculate the highest common divisor of 18 and 402.
6
Calculate the greatest common factor of 13 and 1118.
13
What is the greatest common factor of 51 and 323?
17
What is the greatest common divisor of 57 and 4959?
57
What is the highest common divisor of 2349 and 261?
261
What is the greatest common divisor of 2056 and 771?
257
Calculate the greatest